et b = -8 + 7. Let r be x(b). Let t(s) = 2*s**3 - 1. Let a be t(1). Calculate the highest common divisor of r and a.
1
Suppose -13 = -5*i + 12. What is the highest common factor of i and 30?
5
Let n = -157 - -724. Calculate the greatest common divisor of n and 63.
63
Suppose 4*g - 258 = 2*j, -5*g = -4*j - j - 330. Calculate the greatest common divisor of g and 42.
21
Suppose -4*i = -3*i - 32. Calculate the highest common divisor of 8 and i.
8
Suppose -18 = 5*h - 1173. Let t = -113 + 78. Let f = -14 - t. Calculate the highest common divisor of f and h.
21
Let c(o) = -o**3 - 12*o**2 + 7. Let s be c(-12). What is the highest common divisor of 14 and s?
7
Let r = -8 + 15. What is the highest common divisor of r and 63?
7
Let m = -8 + 28. Suppose -m = 3*i - 101. Let y be 2/(-5) - (-51)/15. What is the highest common factor of y and i?
3
Suppose -5*p = -v + 3 + 3, -5*v = 2*p + 24. Let x(o) = 2*o**2 + 7*o + 5. Let z be x(v). Calculate the highest common factor of 99 and z.
9
Let n(u) = -u + 2. Let d be n(-5). Let j = d + 18. What is the highest common divisor of 125 and j?
25
Let f(b) = 4*b - 86. Let u be f(27). Calculate the greatest common divisor of 176 and u.
22
Suppose -2*p + 3 = 5. Let l = 3 + p. Suppose 0 = -l*w + 23 + 21. What is the highest common divisor of 55 and w?
11
Let v = -20 + 31. What is the greatest common factor of 11 and v?
11
Suppose 0*f + 16 = -4*f. Let s = f + 7. Suppose -3*a + s = -0*a. Calculate the greatest common divisor of 2 and a.
1
Let o(c) = c**2 + 3*c - 12. Let w be o(-6). What is the greatest common divisor of 6 and w?
6
Let c be -3 - (-1 + -2) - -60. What is the highest common factor of c and 12?
12
Suppose -i = -0*f - 2*f - 25, 2*i - 3*f = 55. Let x be (3 + 0)*(-20)/6. Let w be 28*(x/5)/(-4). What is the highest common divisor of i and w?
7
Suppose -t + 19 = -2*f + 65, 10 = 5*t. Suppose 4*n = -n + 15. Suppose i - n*i = -f. What is the greatest common factor of i and 4?
4
Suppose 0 = 2*v, -2*y + 4*v + 29 = -35. Calculate the greatest common divisor of y and 224.
32
Let i = 269 - 181. Let x = -4 + 12. Calculate the highest common divisor of x and i.
8
Let c = 1 + 0. Let w(d) = 15*d. Let b be w(c). Let r = b - -7. Calculate the highest common divisor of r and 66.
22
Suppose 0 = -11*p + 7*p + 308. Suppose j = 5*j. Suppose j*b = -3*b + 33. What is the highest common factor of p and b?
11
Let u be 3/((11 - 5)/66). What is the highest common factor of 231 and u?
33
Let h(r) = -r**3 - 6*r**2 - 8*r - 4. Let u be h(-5). Let c(m) = -8*m + 2 - 4 + 0. Let d be c(-3). Calculate the greatest common factor of d and u.
11
Let j(z) = z + 1. Let d be j(1). Let s be (-21)/2 + (-2)/(-4). Let k = d - s. Calculate the highest common factor of 30 and k.
6
Let y(k) = -k**2 + k + 8. Let i be y(0). Let p = 0 - -12. Let h be 204/2*p/i. Calculate the greatest common divisor of 17 and h.
17
Let m = -27 + 39. Let f be (-4)/m + (-34)/6. Let u be (-15)/(-10)*(-32)/f. Calculate the greatest common factor of u and 32.
8
Let c be (-4)/(-18) - 34/(-9). Suppose -n + c = 1. Suppose -n = 3*r - 33. Calculate the greatest common divisor of r and 30.
10
Let i = -25 + 51. Let d(h) = -4*h - 7. Let p(g) = -8*g - 13. Let s(q) = -9*d(q) + 4*p(q). Let t be s(7). What is the greatest common divisor of i and t?
13
Let v be 12/(3 + 0) + 4. Let o = -22 - -34. What is the greatest common divisor of o and v?
4
Suppose 22*h = 25*h - 264. What is the highest common factor of 44 and h?
44
Let d be 7/2 + 3/6. Let y = 21 - d. What is the highest common divisor of y and 68?
17
Let q(r) = -r. Let j(o) = -3*o**2 - 6*o. Let p = 2 - 3. Let v(g) = p*j(g) + 3*q(g). Let m be v(-2). What is the highest common divisor of m and 42?
6
Let a = 11 - -1. Suppose 14 = -2*i + 5*n, 2*i - 28 = -2*i - 4*n. Suppose -2*d = 8, i*f = 2*d + 25 - 5. What is the highest common divisor of f and a?
4
Let y = -121 - -129. Calculate the greatest common factor of 16 and y.
8
Suppose 0 = -3*p + 4*p - 258. Suppose -3*c = 2*c - f - 327, 4*c = 2*f + p. What is the highest common divisor of 6 and c?
6
Suppose 8 = -2*d - 2. Let x(t) = t**3 + 5*t**2 + 2. Let h be x(d). Suppose -3*n + 1 = -17. What is the highest common divisor of n and h?
2
Let r(v) = 2*v**2 - 3*v + 7. Let l be r(-5). Let g(d) = 14*d**3 + d**2. Let t be g(-1). Let s = 22 + t. Calculate the greatest common divisor of s and l.
9
Let n = 40 - 18. Calculate the greatest common divisor of 55 and n.
11
Suppose -m - m = -162. Let u = 56 - 47. What is the highest common factor of m and u?
9
Suppose 0*f + f - 14 = 3*u, 4*f + 4 = -3*u. Suppose 22 = b + f. Calculate the greatest common factor of b and 180.
20
Suppose 26 = 12*y - 10*y. Calculate the highest common divisor of 91 and y.
13
Suppose -i + 3*i + 4*b - 12 = 0, -2*b = -3*i + 34. Let t(k) = k + 22. Let a be t(i). Calculate the highest common divisor of 8 and a.
8
Let z(q) = -q**3 - 3*q**2 + 3*q + 3. Let r be z(-4). Calculate the greatest common factor of r and 7.
7
Suppose 9*l = 4*l + 10. Let i be l/(-9) - (-436)/18. Calculate the highest common factor of 8 and i.
8
Let n be ((-16)/(-20))/(2/90). Suppose -5*d = -17 - 3. Suppose -52 = -d*x - 4*i, -5*i + 1 = 26. What is the highest common factor of n and x?
18
Let h(x) = x - 5. Let f be h(3). Let t be 4 - (-96 + -1 - f). Calculate the greatest common factor of t and 9.
9
Let m be (-160)/1*4/(-10). Suppose c - 3 = 3. Suppose -2*u + c = 5*w, 7*w - 3*w = -3*u + 16. Calculate the highest common factor of m and u.
8
Suppose -3*m - 3*d = 2*m - 190, m + 4*d - 38 = 0. Let s = 35 + -16. What is the highest common divisor of m and s?
19
Let s be -1 + 2 - 69/(-1). Let a be 0*3/(-6) + 2. Let t be 58/a + (2 - 3). Calculate the highest common factor of s and t.
14
Let n(l) = -l + 18. Let s be n(9). Let g(y) = 2*y - 1. Let d(i) = 1. Let u(c) = 3*d(c) - g(c). Let q be u(-7). Calculate the greatest common divisor of q and s.
9
Let b = 27 + -76. Let j = b + 119. What is the greatest common divisor of 14 and j?
14
Suppose -v - 2*q = -24, 4*q = 3*v - 0*q - 92. Let d = -19 + v. Suppose 4*g + 4 = 8. Calculate the greatest common divisor of g and d.
1
Suppose 5*z + c - 4*c = 36, c - 21 = -2*z. Suppose z = w - 2. What is the greatest common divisor of 44 and w?
11
Suppose 0 = -2*g - 14 - 24. Let f = g + 33. Let n be f/18 + (-4)/(-18). Calculate the greatest common factor of n and 4.
1
Let k = 11 + -8. Let o be (1 + -2)*(-18)/(11 - 5). What is the highest common factor of k and o?
3
Suppose 33*b = 11*b + 2574. Let c = -32 + 45. What is the greatest common divisor of b and c?
13
Let l = -80 - -269. Calculate the greatest common factor of 27 and l.
27
Let r(x) = -19*x**3 - 2*x**2 + x + 2. Let v be r(-2). What is the highest common factor of 16 and v?
16
Let s be 76/6 - 4/6. Suppose -88 = 5*l - 16*l. Calculate the highest common factor of s and l.
4
Let w be (-70)/8 - 1/4. Let x be 3/2*(-30)/w. Let i = 17 - -8. Calculate the greatest common divisor of i and x.
5
Let w = 29 + -17. Let t be 16/w*3/2. Calculate the highest common factor of 4 and t.
2
Suppose 10*s + 60 = 11*s. Calculate the greatest common factor of 40 and s.
20
Suppose 2*v - 5*d = -31, -4*d + d = v + 32. Let j = -13 - v. Suppose b + j - 61 = -3*q, 4*b + 12 = 0. What is the greatest common divisor of 54 and q?
18
Suppose 0*v = 4*v - 4. Let r = v + 14. Calculate the greatest common divisor of 3 and r.
3
Let y be (-3)/((15/7)/(-5)*1). Calculate the highest common factor of y and 119.
7
Suppose -4*u - 5*s - 53 = 0, -s + 23 = -3*u - u. Let v = 9 + u. What is the greatest common factor of 16 and v?
2
Let p be 6/9 + (-10)/6. Let v(u) = -30*u. Let m be v(p). Calculate the greatest common factor of 10 and m.
10
Let v(r) be the second derivative of 5*r**4/12 - 4*r**3/3 + 4*r**2 - r. Let o be v(6). Let i = 41 - 27. Calculate the highest common divisor of i and o.
14
Let g be -2 - -344 - 2/2. Let w = 23 + 8. What is the highest common divisor of w and g?
31
Let f = 702 + -398. What is the highest common factor of 16 and f?
16
Suppose 2*b - 5*b = -5*k - 455, -3*b - 5*k = -445. Suppose -5*u + b = 5*c, c - 5*u = 7 + 5. What is the greatest common divisor of 9 and c?
9
Let r = 4 + -6. Let z be r/(-2) + (-40)/(-2). Let a = 1110 - 1103. What is the highest common divisor of z and a?
7
Let d(n) be the first derivative of n**4/4 